hest common divisor of z and x?
9
Let j = 6 + -3. Suppose 4*l + 3 = -0*i + i, -4*l - 23 = j*i. Let k be (2 + 0)/(l/(-117)). Calculate the highest common divisor of 13 and k.
13
Suppose -11*c = -13*c + 30. What is the greatest common factor of 10 and c?
5
Let d(x) = -9*x - 8 + 21*x - 9*x. Let k be d(8). Calculate the greatest common factor of 4 and k.
4
Suppose 0 = 2*q - 2 - 2. Suppose q*x - 22 = 10. Let n = x + -9. What is the highest common divisor of n and 63?
7
Let w(y) = 3*y**3 - y**2 + 1. Let q be w(1). Suppose 67 = q*u + 4*n - 19, -54 = -2*u - 2*n. What is the highest common factor of 33 and u?
11
Let d = -277 - -192. Let g = d + 183. Calculate the greatest common divisor of g and 14.
14
Let t = 20 - 22. Let y be 11 - -19 - t/(-1). What is the greatest common factor of y and 70?
14
Suppose -13 - 47 = -3*r + 3*l, 3*r = -2*l + 65. Suppose 3*s - 6*s + 42 = 0. Suppose 0*y - s = -2*y. Calculate the highest common divisor of y and r.
7
Suppose -7*w - 23 = -205. What is the highest common divisor of w and 13?
13
Let f(v) = 2*v + 3. Let n be f(0). Let g = 51 - -3. Suppose n*j - g = j. Calculate the highest common divisor of 9 and j.
9
Suppose -205 - 179 = -3*g. What is the greatest common factor of g and 16?
16
Let y(h) = -h**3 - 6*h**2 + 8*h - 22. Let u be y(-8). Calculate the highest common divisor of 336 and u.
42
Let s be (6/5)/(4/10). Suppose -64 = -s*j + 2*f, 4*f + 2 = 3*f. Let a = j + -10. What is the highest common factor of a and 50?
10
Suppose -2*d - 58 + 186 = 0. Let q(b) = -3*b + 1. Let s be q(-5). Calculate the highest common factor of d and s.
16
Suppose p = -5*p + 288. What is the greatest common divisor of p and 32?
16
Suppose -28 + 4 = -2*s. What is the greatest common divisor of 18 and s?
6
Suppose 0 = n - c - 2, -2 + 24 = 5*n - c. Suppose -2*o + 60 = -o + n*r, -r = -1. Calculate the greatest common divisor of 5 and o.
5
Let x(o) = 5*o + 21. Let f(r) = -4*r - 20. Let b(g) = -4*f(g) - 3*x(g). Let k be b(0). What is the highest common factor of k and 136?
17
Suppose 0 = 7*n - 3*n - 44. Let w be 3 + -1 + 0/(-1). Suppose h + 4*k = 23, 5*h + w*k - 61 = -0*k. What is the greatest common factor of h and n?
11
Let a = 45 + -33. What is the greatest common divisor of a and 12?
12
Let w = 30 - 19. Let f(y) = -y**2 + 6*y + 1. Let n be f(5). Let p be ((-308)/n)/(2/(-3)). What is the greatest common factor of w and p?
11
Suppose 8*d = 4*t + 3*d - 985, -2*t + d = -485. Calculate the highest common factor of t and 16.
16
Let w = 6 - 3. Suppose u - w = -0. Calculate the greatest common divisor of u and 1.
1
Let j = 19 - 7. Calculate the highest common factor of j and 30.
6
Let z be (-8)/(-2)*(10 - 6). Calculate the greatest common divisor of z and 48.
16
Suppose 3*q = 2*h - 147, -5*q = -h - 0*q + 63. Calculate the highest common factor of 52 and h.
26
Let r(z) = -z**2 + 9*z - 9. Let n be r(7). Suppose -n*v - x + 75 = 0, -26 = -v + 2*x - 0*x. Calculate the greatest common factor of v and 40.
8
Let c(y) = 9*y**2 + 3*y + 1. Suppose 3*w + 10 + 2 = 0. Let n be c(w). What is the greatest common factor of 19 and n?
19
Suppose 3*k + d + d = 263, -k + 3*d + 106 = 0. Let z = -46 + k. What is the highest common divisor of 18 and z?
9
Suppose f + 330 = 4*f. Suppose -f = -3*j - 5. Suppose 4*h - 1 = 3*i - 22, 2*h + 7 = i. Calculate the highest common divisor of j and i.
7
Suppose 10*u - 16*u + 108 = 0. What is the greatest common divisor of 414 and u?
18
Suppose -8 = -3*d + 1. Let v = -5 + 11. Calculate the highest common factor of v and d.
3
Suppose -4*k = -3*k - 90. Suppose 10 = -3*b + 4*b. What is the highest common factor of b and k?
10
Suppose 0 = -5*l + 28 + 22. Calculate the greatest common factor of 110 and l.
10
Let w be -2 + (-1)/((-2)/(-2)). Let f be (2 + w)*(-10 + 1). What is the highest common factor of 3 and f?
3
Let w(b) = b + 3. Suppose 4*z = -10 - 2. Let k be w(z). Let a be 0/2 - (-4 + k). What is the highest common factor of a and 8?
4
Suppose 0*t = 4*t - 8. Suppose -t*j - j + 24 = 0. Suppose 4*n - j*n = -156. What is the greatest common factor of 26 and n?
13
Let d = 207 + -103. What is the highest common divisor of 13 and d?
13
Suppose 0*i - 209 = 5*i - 4*s, -s = i + 49. Let c = i + 90. What is the highest common factor of c and 5?
5
Suppose -2*k + 3*k - 3 = 0. Suppose 4*y - 24 = -2*d, 3*y = -d + k + 11. Calculate the greatest common factor of d and 8.
8
Suppose 0 = 4*s - 2*i - 40 - 16, s + 5*i + 8 = 0. Let r = -26 + 11. Let a be (-3)/r + (-239)/(-5). Calculate the highest common factor of a and s.
12
Suppose 2*h + 2 = 0, 2 + 1 = -o - 5*h. Suppose 10 + 10 = o*z. What is the greatest common divisor of z and 5?
5
Let y = 10 - 3. Let n(z) = -3*z - 4*z + 0*z. Let u be n(-3). What is the highest common factor of y and u?
7
Let q(n) = n**2 - n + 2. Let s be q(6). Suppose s = 2*l + 4. What is the highest common divisor of l and 98?
14
Let v(w) = 150*w**2 + w - 1. Let n be v(1). Suppose j = -m + n, -m - m - 470 = -3*j. What is the highest common factor of j and 14?
14
Suppose 8*d - 2 = 6*d. Calculate the highest common divisor of d and 5.
1
Let u(t) = -4*t - 30. Let p be u(-10). Calculate the highest common divisor of 5 and p.
5
Let x = -50 - -79. Calculate the highest common factor of x and 58.
29
Let o(b) = -9*b**2 - 2*b - 1. Let l be o(-1). Let z = l + 36. What is the greatest common factor of 7 and z?
7
Let l(o) = 40*o**2 - o - 1. Let k(x) = -x + 3. Let c be k(5). Let a be l(c). Let u = a - 107. What is the highest common divisor of 6 and u?
6
Let c = -1 + 3. Suppose -30 = -5*q + c*q. Let g(k) = -2*k**3 - k - 1. Let d be g(-1). What is the highest common factor of d and q?
2
Let y(q) = 4*q**2 - 3*q. Let c be y(3). What is the greatest common factor of 18 and c?
9
Let s = -97 + 181. Suppose -2*z = -0*z - 96. Suppose -o = 3*o - z. What is the highest common factor of s and o?
12
Let g = -2 - -32. Let k = 0 + g. Calculate the greatest common factor of 20 and k.
10
Suppose -2*l = -0 - 88. Let m = l - 25. What is the greatest common divisor of 133 and m?
19
Suppose 0 = 5*z + s - 389, 2*z + 0*z = -4*s + 170. What is the greatest common divisor of z and 11?
11
Let t = -66 - -80. Calculate the highest common divisor of 56 and t.
14
Let x = -87 + 159. Calculate the highest common factor of x and 8.
8
Suppose g + 3*o = 3 - 9, -5*g + 5*o + 10 = 0. Let s be 80*1 + (g - 0). Suppose 5*j - 55 = 25. What is the greatest common factor of s and j?
16
Let d(r) be the third derivative of -r**5/60 + r**4/4 + 2*r**3/3 - r**2. Let g be d(7). Let m be 4/6 + (-406)/g. What is the highest common divisor of m and 17?
17
Let m = -5 - -5. Suppose -2*o = -m*o - 100. What is the greatest common divisor of 20 and o?
10
Let q = -637 + 647. Suppose 90 = m + 2*m. What is the greatest common divisor of q and m?
10
Let v = -9 + 15. Let z be ((-16)/v)/(2/(-66)). Calculate the highest common factor of 8 and z.
8
Let h = 3 - 3. Let a be -8 - (-1 - h - 2). Let g(c) = 5*c**2 - 6*c - 1. Let b be g(a). What is the highest common factor of 14 and b?
14
Suppose 24 = 25*t - 23*t. Calculate the greatest common factor of 60 and t.
12
Let b = 8 - 4. Suppose 0 = d - 3*k - 29, d = -b*d + 3*k + 85. What is the greatest common factor of 28 and d?
14
Suppose 5*i = 5*j + 880, -4*j - 490 + 138 = -2*i. Calculate the highest common factor of i and 22.
22
Suppose -680 = -0*r - 4*r. What is the greatest common divisor of r and 34?
34
Suppose 0*b + 100 = 2*b. Suppose 0 = 2*i - 3 + 5. Let v be 19 + (2 - 0) + i. Calculate the highest common factor of b and v.
10
Let u be ((-8)/(-5))/(4/50). Suppose v = -h + 4, 5*h - u = -2*v + 5*v. Let k be 8/(-3)*(-3 + v). What is the greatest common divisor of 24 and k?
8
Let a be 10 - -1 - (0 - 1). Let v = 32 + -28. Calculate the greatest common factor of v and a.
4
Let r(p) = 2*p - 2. Let y be r(4). Let v = -3 + 0. Let f = 21 + v. Calculate the greatest common factor of y and f.
6
Let n(m) = m**3 - 5*m**2 - 5*m - 2. Let i be n(6). Calculate the highest common factor of 20 and i.
4
Let r be 3*1*6/9. Let i be (-174)/(-8) + r/8. What is the highest common factor of i and 2?
2
Suppose 4*w + 5*h - 43 = 0, -h - 4 - 9 = -w. Calculate the greatest common divisor of w and 3.
3
Let k(t) = 25*t - 1. Let m be k(1). Let f be ((-2)/4)/((-2)/48). What is the greatest common fa